96 (base 10) in base 13?
-12c5
-135504 (base 6) to base 4
-3022000
Convert 1cb0 (base 14) to base 16.
1482
31202 (base 4) to base 5
11431
-6080 (base 11) to base 12
-480a
What is -210220000 (base 3) in base 11?
-10a97
What is 2111 (base 4) in base 8?
225
What is 7a (base 11) in base 8?
127
What is 22213 (base 4) in base 15?
304
Convert -334 (base 15) to base 2.
-1011010100
What is -6c2 (base 13) in base 8?
-2224
What is 1303 (base 4) in base 9?
137
1012 (base 6) to base 5
1344
-4702 (base 11) to base 2
-1100000011101
-681 (base 15) to base 10
-1471
What is -310 (base 7) in base 4?
-2122
-3063 (base 8) to base 16
-633
What is 10121110 (base 3) in base 7?
10446
Convert -133162 (base 7) to base 16.
-622c
What is 311113 (base 4) in base 14?
135d
6e1 (base 16) to base 8
3341
What is b5 (base 14) in base 3?
12220
What is 1122 (base 9) in base 8?
1476
Convert -8033 (base 10) to base 7.
-32264
-31ad (base 15) to base 3
-112102101
What is -1d69 (base 14) in base 9?
-7343
What is 74316 (base 8) in base 4?
13203032
What is -6103 (base 13) in base 9?
-20277
1ca4 (base 14) to base 5
131430
What is 1416 (base 8) in base 13?
482
5085 (base 11) to base 10
6748
What is 13012 (base 4) in base 5?
3304
Convert -11032 (base 7) to base 3.
-10210111
Convert -20113 (base 8) to base 5.
-231032
What is 10100011101 (base 2) in base 4?
110131
11a (base 16) to base 2
100011010
Convert 1449 (base 13) to base 9.
4020
Convert -11031210 (base 4) to base 15.
-64d3
Convert 6c (base 14) to base 7.
165
What is 54437 (base 8) in base 5?
1212230
1333022 (base 4) to base 3
102011102
Convert -21210101 (base 3) to base 7.
-22363
Convert 3022023 (base 4) to base 2.
11001010001011
What is -84a (base 16) in base 3?
-2220121
Convert 1a98 (base 11) to base 13.
1289
What is 578 (base 9) in base 5?
3401
Convert 110112 (base 3) to base 4.
11102
Convert 2142 (base 9) to base 16.
629
-82084 (base 9) to base 13
-1b787
Convert -b209 (base 13) to base 15.
-73e4
13b2 (base 13) to base 12
1795
125 (base 14) to base 3
22111
3513 (base 9) to base 12
1610
Convert 32002 (base 4) to base 8.
1602
What is -304 (base 12) in base 2?
-110110100
29 (base 11) to base 15
21
1222220202 (base 3) to base 13
14b76
Convert 5446 (base 15) to base 2.
100010110110001
What is -3561 (base 9) in base 14?
-d71
What is 12231 (base 5) in base 13?
575
What is 1f17 (base 16) in base 5?
223314
25971 (base 12) to base 7
303061
Convert -78d (base 15) to base 16.
-6ac
420 (base 15) to base 16
3a2
Convert -70 (base 13) to base 14.
-67
-a63c (base 16) to base 3
-2011101011
What is 1010000100011 (base 2) in base 3?
21001221
221303 (base 4) to base 11
2012
2804 (base 9) to base 12
127a
What is 282 (base 10) in base 6?
1150
What is 100010000111101 (base 2) in base 3?
212222000
Convert -614 (base 11) to base 5.
-10431
-17708 (base 9) to base 10
-12239
What is -311 (base 12) in base 7?
-1204
Convert -7050 (base 8) to base 11.
-27a5
-1002120 (base 3) to base 11
-666
-22032320 (base 4) to base 14
-113ba
Convert -421242 (base 6) to base 11.
-23609
Convert -297b (base 14) to base 16.
-1cc1
What is -1111000001000 (base 2) in base 16?
-1e08
Convert 135532 (base 7) to base 6.
320201
What is -387 (base 13) in base 6?
-2510
-386a (base 14) to base 10
-9894
What is 20931 (base 13) in base 16?
e53b
Convert -1145 (base 6) to base 9.
-342
1230 (base 6) to base 3
102100
Convert 608 (base 10) to base 3.
211112
-1810 (base 9) to base 13
-828
What is 11311 (base 5) in base 11?
696
What is 2043 (base 5) in base 12?
1a9
What is 2002330 (base 4) in base 12?
4a24
Convert -100011111110 (base 2) to base 14.
-ba6
Convert -13c (base 16) to base 5.
-2231
What is a964 (base 12) in base 9?
27524
What is -289f (base 16) in base 5?
-313044
What is -20310 (base 5) in base 14?
-6b0
What is 2489 (base 11) in base 8?
6253
What is 1817 (base 16) in base 8?
14027
What is 2aa (base 16) in base 2?
1010101010
114 (base 12) to base 3
12221
44268 (base 9) to base 16
72c8
4579 (base 10) to base 16
11e3
What is -32a (base 11) in base 7?
-1103
What is 87 (base 11) in base 13?
74
-9a0 (base 14) to base 16
-770
What is 133 (base 11) in base 9?
184
-188bb (base 12) to base 8
-106017
What is 12113130 (base 4) in base 14?
9708
What is 248 (base 15) in base 8?
1006
What is -380a (base 16) in base 7?
-56553
What is -2232 (base 10) in base 8?
-4270
What is 10784 (base 15) in base 10?
52324
What is 4515 (base 9) in base 7?
12503
101010010111 (base 2) to base 6
20315
What is e05 (base 16) in base 4?
320011
-35505 (base 6) to base 10
-5153
Convert 1475 (base 12) to base 5.
34033
Convert -4d (base 16) to base 4.
-1031
Convert -2a6 (base 11) to base 2.
-101100110
What is 61b8 (base 12) in base 9?
15545
-10144 (base 5) to base 2
-1010100010
2023 (base 15) to base 3
100022020
What is da9 (base 15) in base 12?
1950
What is 3475 (base 12) in base 6?
43025
Convert -11123 (base 4) to base 9.
-425
What is -65ba (base 14) in base 12?
-a234
Convert -1053 (base 13) to base 7.
-6414
What is 1d02 (base 14) in base 7?
21302
What is 12330 (base 7) in base 2?
110010110111
What is -13343 (base 9) in base 2?
-10001101000110
-111111010000 (base 2) to base 4
-333100
-1224434 (base 5) to base 4
-11303000
-5a3 (base 12) to base 3
-1011020
What is -61a (base 15) in base 14?
-703
335521 (base 6) to base 16
6f49
What is -10537 (base 12) in base 15?
-6584
What is 1 (base 2) in base 7?
1
Convert -52214 (base 7) to base 2.
-11001000000000
What is -212211201 (base 3) in base 14?
-6496
What is -4a4 (base 13) in base 3?
-1010000
What is -1001101100 (base 2) in base 9?
-758
What is 1443 (base 6) in base 12?
283
2205 (base 8) to base 9
1525
-53254 (base 10) to base 16
-d006
Convert -38 (base 14) to base 5.
-200
Convert -512 (base 12) to base 8.
-1336
What is 77b (base 12) in base 7?
3134
What is 2937 (base 12) in base 3?
20120121
What is 111100100110100 (base 2) in base 5?
1443103
Convert 535 (base 12) to base 13.
467
What is -30 (base 6) in base 15?
-13
55363 (base 7) to base 16
3658
1112110212 (base 3) to base 11
20798
10100000011110 (base 2) to base 6
115314
215ba (base 12) to base 8
126036
Convert -111011010101111 (base 2) to base 5.
-1433013
What is -22001 (base 4) in base 9?
-782
What is -1a0 (base 12) in base 5?
-2024
Convert 1387 (base 11) to base 13.
a78
Convert -77141 (base 10) to base 7.
-440621
Convert 2781 (base 11) to base 5.
103343
What is 102101 (base 3) in base 13?
1a8
-110011110101 (base 2) to base 9
-4485
Convert -b944 (base 12) to base 11.
-14326
What is -6bb (base 13) in base 12?
-814
Convert -10110202221 (base 3) to base 11.
-473a8
-4a4 (base 11) to base 12
-41a
Convert -20221112 (base 3) to base 16.
-13c7
Convert 3a17 (base 12) to base 9.
10101
-471 (base 10) to base 15
-216
-20202 (base 4) to base 13
-330
What is -b62 (base 13) in base 10?
-1939
10110000101 (base 2) to base 8
2605
Convert 26a (base 15) to base 8.
1046
1523 (base 12) to base 15
b00
-2109 (base 14) to base 9
-7725
Convert 1104314 (base 6) to base 10.
55414
What is -b5a (base 12) in base 8?
-3166
-236c (base 16) to base 4
-2031230
What is -47a (base 12) in base 5?
-10140
-11011111 (base 2) to base 4
-3133
What is -32160 (base 12) in base 5?
-4102010
-10232 (base 11) to base 4
-3221012
7174 (base 12) to base 4
3000220
Convert -223021 (base 4) to base 8.
-5311
Convert -101011111010 (base 2) to base 16.
-afa
What is 23000 (base 4) in base 12?
4a8
-34031 (base 6) to base 2
-1001010100011
-124011 (base 5) to base 6
-34333
Convert 78bb (base 12) to base 14.
4c47
21312222 (base 4) to base 15
be5c
What is -20012221 (base 3) in base 6?
-32554
What is 21189 (base 13) in base 5?
3401401
203201 (base 4) to base 11
1787
2524 (base 12) to base 10
4204
Convert 1022020022 (base 3) to base 15.
7925
What is 34201 (base 6) in base 2?
1001011011001
-5145 (base 12) to base 9
-13108
2675a (base 14) to base 2
10111001000011100
What is 330 (base 11) in base 5?
3041
-dada (base 15) to base 4
-23103322
Convert -ac7 (base 14) to base 3.
-2221002
Convert -3023202 (base 4) to base 13.
-5c10
Convert 7456 (base 11) to base 7.
40516
Convert 1041 (base 9) to base 8.
1376
Convert -14b55 (base 13) to base 3.
-1222212202
-7217 (base 10) to base 14
-28b7
What is -3d0 (base 14) in base 15?
-365
-3654 (base 9) to base 10
-2722
Convert 111001 (base 3) to base 9.
431
What i